{"id":892,"date":"2020-03-29T15:59:29","date_gmt":"2020-03-29T15:59:29","guid":{"rendered":"https:\/\/fmgwidnau.ch\/?page_id=892"},"modified":"2026-01-02T15:54:33","modified_gmt":"2026-01-02T14:54:33","slug":"ueber-uns","status":"publish","type":"page","link":"https:\/\/fgwidnau.ch\/index.php\/ueber-uns\/","title":{"rendered":"\u00dcber uns"},"content":{"rendered":"\n<h1 class=\"wp-block-heading has-text-align-center\">\u00dcber uns<\/h1>\n\n\n\n<div style=\"height:100px\" aria-hidden=\"true\" class=\"wp-block-spacer\"><\/div>\n\n\n\n<h3 class=\"wp-block-heading has-text-align-center\">Wir sind<\/h3>\n\n\n\n<p class=\"has-text-align-center\"><strong>Wir sind<\/strong> eine Gemeinschaft von Frauen mit christlicher Grundhaltung, unabh\u00e4ngig von Alter und Nationalit\u00e4t, traditionsbewusst, zeitgem\u00e4ss und zukunftsorientiert. Die Frauengemeinschaft ist ein Ortsverein des Frauenbundes St.Gallen-Appenzell und somit dem Frauenbund Schweiz angeschlossen.<\/p>\n\n\n\n<div style=\"height:100px\" aria-hidden=\"true\" class=\"wp-block-spacer\"><\/div>\n\n\n\n<h3 class=\"wp-block-heading has-text-align-center\">Wir m\u00f6chten<\/h3>\n\n\n\n<p class=\"has-text-align-center\"><strong>Wir m\u00f6chten<\/strong> miteinander die Gemeinschaft f\u00f6rdern und pflegen und das leben in der Gemeinde aktiv mitgestalten. Wir wagen Neues, organisieren verschiedene attraktive Anl\u00e4sse, Zusammentreffen und Ausfl\u00fcge f\u00fcr Kinder und Frauen.<\/p>\n\n\n\n<div style=\"height:100px\" aria-hidden=\"true\" class=\"wp-block-spacer\"><\/div>\n\n\n\n<h3 class=\"wp-block-heading has-text-align-center\">Wir tun<\/h3>\n\n\n\n<p class=\"has-text-align-center\"><strong>Wir tun<\/strong> Gutes! Wertsch\u00e4tzung wird in unserem Verein aktiv gepflegt, zum Beispiel bei gemeinsamen Anl\u00e4ssen.<br>Als Mitglied der BENEVOL SCHWEIZ halten wir uns im Grundsatz an die BENEVOL-STANDARDS DER FREIWILLIGENARBEIT. Es macht die dabei eingesetzten F\u00e4higkeiten und Kompetenzen<br>sichtbar.<\/p>\n\n\n\n<div style=\"height:100px\" aria-hidden=\"true\" class=\"wp-block-spacer\"><\/div>\n\n\n\n<div class=\"alignnormal\"><div id=\"metaslider-id-5984\" style=\"width: 100%;\" class=\"ml-slider-3-108-0 metaslider metaslider-flex metaslider-5984 ml-slider has-dots-nav ms-theme-default-base\" role=\"region\" aria-label=\"New Slideshow\" data-height=\"300\" data-width=\"700\">\n    <div id=\"metaslider_container_5984\">\n        <div id=\"metaslider_5984\">\n            <ul class='slides'>\n                <li style=\"display: block; width: 100%;\" class=\"slide-5985 ms-image \" aria-roledescription=\"slide\" data-date=\"2025-04-30 19:47:37\" data-filename=\"1021_fmgw_Kinderuni_06.jpeg\" data-slide-type=\"image\"><img loading=\"lazy\" decoding=\"async\" width=\"2016\" height=\"1512\" src=\"https:\/\/fgwidnau.ch\/wp-content\/uploads\/2021\/12\/1021_fmgw_Kinderuni_06.jpeg\" class=\"slider-5984 slide-5985 msDefaultImage\" alt=\"\" rel=\"\" title=\"1021_fmgw_Kinderuni_06\" srcset=\"https:\/\/fgwidnau.ch\/wp-content\/uploads\/2021\/12\/1021_fmgw_Kinderuni_06.jpeg 2016w, https:\/\/fgwidnau.ch\/wp-content\/uploads\/2021\/12\/1021_fmgw_Kinderuni_06-300x225.jpeg 300w, https:\/\/fgwidnau.ch\/wp-content\/uploads\/2021\/12\/1021_fmgw_Kinderuni_06-1024x768.jpeg 1024w, https:\/\/fgwidnau.ch\/wp-content\/uploads\/2021\/12\/1021_fmgw_Kinderuni_06-768x576.jpeg 768w, https:\/\/fgwidnau.ch\/wp-content\/uploads\/2021\/12\/1021_fmgw_Kinderuni_06-1536x1152.jpeg 1536w, https:\/\/fgwidnau.ch\/wp-content\/uploads\/2021\/12\/1021_fmgw_Kinderuni_06-1200x900.jpeg 1200w, https:\/\/fgwidnau.ch\/wp-content\/uploads\/2021\/12\/1021_fmgw_Kinderuni_06-1980x1485.jpeg 1980w\" sizes=\"auto, (max-width: 2016px) 100vw, 2016px\" \/><\/li>\n                <li style=\"display: none; width: 100%;\" class=\"slide-5986 ms-image \" aria-roledescription=\"slide\" data-date=\"2025-04-30 19:48:04\" data-filename=\"20240116_181649_36C3CE76-scaled.jpg\" data-slide-type=\"image\"><img loading=\"lazy\" decoding=\"async\" width=\"2560\" height=\"1928\" src=\"https:\/\/fgwidnau.ch\/wp-content\/uploads\/2024\/02\/20240116_181649_36C3CE76-scaled.jpg\" class=\"slider-5984 slide-5986 msDefaultImage\" alt=\"\" rel=\"\" title=\"20240116_181649_36C3CE76\" srcset=\"https:\/\/fgwidnau.ch\/wp-content\/uploads\/2024\/02\/20240116_181649_36C3CE76-scaled.jpg 2560w, https:\/\/fgwidnau.ch\/wp-content\/uploads\/2024\/02\/20240116_181649_36C3CE76-300x226.jpg 300w, https:\/\/fgwidnau.ch\/wp-content\/uploads\/2024\/02\/20240116_181649_36C3CE76-1024x771.jpg 1024w, https:\/\/fgwidnau.ch\/wp-content\/uploads\/2024\/02\/20240116_181649_36C3CE76-768x578.jpg 768w, https:\/\/fgwidnau.ch\/wp-content\/uploads\/2024\/02\/20240116_181649_36C3CE76-1536x1157.jpg 1536w, https:\/\/fgwidnau.ch\/wp-content\/uploads\/2024\/02\/20240116_181649_36C3CE76-2048x1542.jpg 2048w, https:\/\/fgwidnau.ch\/wp-content\/uploads\/2024\/02\/20240116_181649_36C3CE76-1200x904.jpg 1200w, https:\/\/fgwidnau.ch\/wp-content\/uploads\/2024\/02\/20240116_181649_36C3CE76-1980x1491.jpg 1980w\" sizes=\"auto, (max-width: 2560px) 100vw, 2560px\" \/><\/li>\n                <li style=\"display: none; width: 100%;\" class=\"slide-5988 ms-image \" aria-roledescription=\"slide\" data-date=\"2025-04-30 19:49:48\" data-filename=\"Kleidertausch_2025_4-scaled.jpg\" data-slide-type=\"image\"><img loading=\"lazy\" decoding=\"async\" width=\"2560\" height=\"1920\" src=\"https:\/\/fgwidnau.ch\/wp-content\/uploads\/2025\/03\/Kleidertausch_2025_4-scaled.jpg\" class=\"slider-5984 slide-5988 msDefaultImage\" alt=\"\" rel=\"\" title=\"Kleidertausch_2025_4\" srcset=\"https:\/\/fgwidnau.ch\/wp-content\/uploads\/2025\/03\/Kleidertausch_2025_4-scaled.jpg 2560w, https:\/\/fgwidnau.ch\/wp-content\/uploads\/2025\/03\/Kleidertausch_2025_4-300x225.jpg 300w, https:\/\/fgwidnau.ch\/wp-content\/uploads\/2025\/03\/Kleidertausch_2025_4-1024x768.jpg 1024w, https:\/\/fgwidnau.ch\/wp-content\/uploads\/2025\/03\/Kleidertausch_2025_4-768x576.jpg 768w, https:\/\/fgwidnau.ch\/wp-content\/uploads\/2025\/03\/Kleidertausch_2025_4-1536x1152.jpg 1536w, https:\/\/fgwidnau.ch\/wp-content\/uploads\/2025\/03\/Kleidertausch_2025_4-2048x1536.jpg 2048w, https:\/\/fgwidnau.ch\/wp-content\/uploads\/2025\/03\/Kleidertausch_2025_4-1200x900.jpg 1200w, https:\/\/fgwidnau.ch\/wp-content\/uploads\/2025\/03\/Kleidertausch_2025_4-1980x1485.jpg 1980w\" sizes=\"auto, (max-width: 2560px) 100vw, 2560px\" \/><\/li>\n            <\/ul>\n        <\/div>\n        \n    <\/div>\n<\/div><\/div>\n\n\n\n<div style=\"height:30px\" aria-hidden=\"true\" class=\"wp-block-spacer\"><\/div>\n\n\n\n<div class=\"mec-wrap mec-skin-grid-container  \" id=\"mec_skin_125\">\r\n\r\n    \r\n            <div class=\"mec-skin-grid-events-container\" id=\"mec_skin_events_125\">\r\n        <div class=\"mec-wrap colorskin-custom\">\n    <div class=\"mec-event-grid-modern\">\n        <div class=\"row\"><div class=\"col-md-4 col-sm-4\">        <script type=\"application\/ld+json\">\n        {\n            \"@context\" \t\t: \"http:\/\/schema.org\",\n            \"@type\" \t\t: \"Event\",\n            \"startDate\" \t: \"2026-01-05\",\n            \"endDate\" \t\t: \"2026-01-05\",\n            \"location\" \t\t:\n            {\n                \"@type\" \t\t: \"Place\",\n                \"name\" \t\t\t: \"Kirche\",\n                \"image\"\t\t\t: \"\",\n                \"address\"\t\t: \"R\u00fctistrasse 19, 9443 Widnau\"\n            },\n            \"offers\": {\n                \"url\": \"https:\/\/fgwidnau.ch\/index.php\/events\/rosenkranz\/\",\n                \"price\": \"\",\n                \"priceCurrency\" : \"CHF\"\n            },\n            \"performer\": \"\",\n            \"description\" \t: \"\",\n            \"image\" \t\t: \"\",\n            \"name\" \t\t\t: \"Rosenkranz\",\n            \"url\"\t\t\t: \"https:\/\/fgwidnau.ch\/index.php\/events\/rosenkranz\/\"\n        }\n        <\/script>\n        <article data-style=\"\" class=\"mec-past-event mec-event-article mec-clear \" itemscope>                    <div class=\"event-grid-modern-head clearfix\">\n                                    <div class=\"mec-event-date\"><span class=\"mec-start-date-label\">04<\/span><\/div>\n                    <div class=\"mec-event-month\"><span class=\"mec-start-date-label\">Mai<\/span><\/div>\n                                <div class=\"mec-event-day\">Montag<\/div>\n            <\/div>\n            <div class=\"mec-event-content\">\n                                <h4 class=\"mec-event-title\"><a class=\"mec-color-hover\" data-event-id=\"6916\" href=\"https:\/\/fgwidnau.ch\/index.php\/events\/rosenkranz\/\">Rosenkranz<\/a><span class=\"event-color\" style=\"background: #\"><\/span><\/h4>\n                <div class=\"mec-event-detail\">Kirche\n                <\/div>\n            <\/div>\n            <div class=\"mec-event-footer\">\n                <a class=\"mec-booking-button\" data-event-id=\"6916\" href=\"https:\/\/fgwidnau.ch\/index.php\/events\/rosenkranz\/\" target=\"_self\">Details<\/a>\n                            <\/div>\n        <\/article><\/div>                <div class=\"col-md-4 col-sm-4\">        <script type=\"application\/ld+json\">\n        {\n            \"@context\" \t\t: \"http:\/\/schema.org\",\n            \"@type\" \t\t: \"Event\",\n            \"startDate\" \t: \"2025-12-30\",\n            \"endDate\" \t\t: \"2025-12-30\",\n            \"location\" \t\t:\n            {\n                \"@type\" \t\t: \"Place\",\n                \"name\" \t\t\t: \"\",\n                \"image\"\t\t\t: \"\",\n                \"address\"\t\t: \"\"\n            },\n            \"offers\": {\n                \"url\": \"https:\/\/fgwidnau.ch\/index.php\/events\/morgengottesdienst\/\",\n                \"price\": \"\",\n                \"priceCurrency\" : \"CHF\"\n            },\n            \"performer\": \"\",\n            \"description\" \t: \"\",\n            \"image\" \t\t: \"\",\n            \"name\" \t\t\t: \"Morgengottesdienst\",\n            \"url\"\t\t\t: \"https:\/\/fgwidnau.ch\/index.php\/events\/morgengottesdienst\/\"\n        }\n        <\/script>\n        <article data-style=\"\" class=\"mec-past-event mec-event-article mec-clear \" itemscope>                    <div class=\"event-grid-modern-head clearfix\">\n                                    <div class=\"mec-event-date\"><span class=\"mec-start-date-label\">05<\/span><\/div>\n                    <div class=\"mec-event-month\"><span class=\"mec-start-date-label\">Mai<\/span><\/div>\n                                <div class=\"mec-event-day\">Dienstag<\/div>\n            <\/div>\n            <div class=\"mec-event-content\">\n                                <h4 class=\"mec-event-title\"><a class=\"mec-color-hover\" data-event-id=\"6918\" href=\"https:\/\/fgwidnau.ch\/index.php\/events\/morgengottesdienst\/\">Morgengottesdienst<\/a><span class=\"event-color\" style=\"background: #\"><\/span><\/h4>\n                <div class=\"mec-event-detail\">\n                <\/div>\n            <\/div>\n            <div class=\"mec-event-footer\">\n                <a class=\"mec-booking-button\" data-event-id=\"6918\" href=\"https:\/\/fgwidnau.ch\/index.php\/events\/morgengottesdienst\/\" target=\"_self\">Details<\/a>\n                            <\/div>\n        <\/article><\/div>                <div class=\"col-md-4 col-sm-4\">        <script type=\"application\/ld+json\">\n        {\n            \"@context\" \t\t: \"http:\/\/schema.org\",\n            \"@type\" \t\t: \"Event\",\n            \"startDate\" \t: \"2026-05-06\",\n            \"endDate\" \t\t: \"2026-05-06\",\n            \"location\" \t\t:\n            {\n                \"@type\" \t\t: \"Place\",\n                \"name\" \t\t\t: \"Moosanger\",\n                \"image\"\t\t\t: \"\",\n                \"address\"\t\t: \"\"\n            },\n            \"offers\": {\n                \"url\": \"https:\/\/fgwidnau.ch\/index.php\/events\/maiandacht-moosanger\/\",\n                \"price\": \"\",\n                \"priceCurrency\" : \"CHF\"\n            },\n            \"performer\": \"\",\n            \"description\" \t: \"\",\n            \"image\" \t\t: \"\",\n            \"name\" \t\t\t: \"Maiandacht Moosanger\",\n            \"url\"\t\t\t: \"https:\/\/fgwidnau.ch\/index.php\/events\/maiandacht-moosanger\/\"\n        }\n        <\/script>\n        <article data-style=\"\" class=\" mec-event-article mec-clear \" itemscope>                    <div class=\"event-grid-modern-head clearfix\">\n                                    <div class=\"mec-event-date\"><span class=\"mec-start-date-label\">06<\/span><\/div>\n                    <div class=\"mec-event-month\"><span class=\"mec-start-date-label\">Mai<\/span><\/div>\n                                <div class=\"mec-event-day\">Mittwoch<\/div>\n            <\/div>\n            <div class=\"mec-event-content\">\n                                <h4 class=\"mec-event-title\"><a class=\"mec-color-hover\" data-event-id=\"6928\" href=\"https:\/\/fgwidnau.ch\/index.php\/events\/maiandacht-moosanger\/\">Maiandacht Moosanger<\/a><span class=\"event-color\" style=\"background: #\"><\/span><\/h4>\n                <div class=\"mec-event-detail\">Moosanger\n                <\/div>\n            <\/div>\n            <div class=\"mec-event-footer\">\n                <a class=\"mec-booking-button\" data-event-id=\"6928\" href=\"https:\/\/fgwidnau.ch\/index.php\/events\/maiandacht-moosanger\/\" target=\"_self\">Details<\/a>\n                            <\/div>\n        <\/article><\/div><\/div>                        \t<\/div>\n<\/div>\n\n    <\/div>\r\n    <div class=\"mec-skin-grid-no-events-container mec-util-hidden\" id=\"mec_skin_no_events_125\">\r\n        Keine Veranstaltung gefunden    <\/div>\r\n    \r\n    \r\n<\/div>\r\n\n\n\n\n<div style=\"height:40px\" aria-hidden=\"true\" class=\"wp-block-spacer\"><\/div>\n\n\n\n<div class=\"wp-block-buttons is-content-justification-center is-layout-flex wp-container-core-buttons-is-layout-16018d1d wp-block-buttons-is-layout-flex\">\n<div class=\"wp-block-button\"><a class=\"wp-block-button__link wp-element-button\" href=\"https:\/\/fgwidnau.ch\/index.php\/jahresprogramm\/\">Alle termine<\/a><\/div>\n<\/div>\n\n\n\n<div style=\"height:50px\" aria-hidden=\"true\" class=\"wp-block-spacer\"><\/div>\n\n\n\n<div class=\"wp-block-buttons is-content-justification-center is-layout-flex wp-container-core-buttons-is-layout-16018d1d wp-block-buttons-is-layout-flex\">\n<div class=\"wp-block-button\"><a class=\"wp-block-button__link wp-element-button\" href=\"http:\/\/fgwidnau.ch\/wp-content\/uploads\/2026\/01\/Statuten-ab-2025.pdf\">Statuten<\/a><\/div>\n<\/div>\n\n\n\n<div style=\"height:100px\" aria-hidden=\"true\" class=\"wp-block-spacer\"><\/div>\n\n\n\n<p class=\"has-text-align-center\">Der Vorstand<br>Fabienne, Rebecca, Christine, Marlen, Petra, Sina, Nicole, Stefania und Samantha<\/p>\n\n\n\n<div style=\"height:30px\" aria-hidden=\"true\" class=\"wp-block-spacer\"><\/div>\n\n\n\n<div class=\"wp-block-buttons is-content-justification-center is-layout-flex wp-container-core-buttons-is-layout-16018d1d wp-block-buttons-is-layout-flex\">\n<div class=\"wp-block-button\"><a class=\"wp-block-button__link has-text-align-center wp-element-button\" href=\"https:\/\/fgwidnau.ch\/index.php\/vorstand\/\">der vorstand<\/a><\/div>\n<\/div>\n\n\n\n<div style=\"height:100px\" aria-hidden=\"true\" class=\"wp-block-spacer\"><\/div>\n\n\n\n<p><\/p>\n","protected":false},"excerpt":{"rendered":"<p>\u00dcber uns Wir sind Wir sind eine Gemeinschaft von Frauen mit christlicher Grundhaltung, unabh\u00e4ngig von Alter und Nationalit\u00e4t, traditionsbewusst, zeitgem\u00e4ss und zukunftsorientiert. Die Frauengemeinschaft ist ein Ortsverein des Frauenbundes St.Gallen-Appenzell und somit dem Frauenbund Schweiz angeschlossen. Wir m\u00f6chten Wir m\u00f6chten miteinander die Gemeinschaft f\u00f6rdern und pflegen und das leben in der Gemeinde aktiv mitgestalten. Wir [&hellip;]<\/p>\n","protected":false},"author":4,"featured_media":0,"parent":0,"menu_order":0,"comment_status":"closed","ping_status":"closed","template":"","meta":{"_acf_changed":false,"footnotes":""},"class_list":["post-892","page","type-page","status-publish","hentry"],"acf":[],"_links":{"self":[{"href":"https:\/\/fgwidnau.ch\/index.php\/wp-json\/wp\/v2\/pages\/892","targetHints":{"allow":["GET"]}}],"collection":[{"href":"https:\/\/fgwidnau.ch\/index.php\/wp-json\/wp\/v2\/pages"}],"about":[{"href":"https:\/\/fgwidnau.ch\/index.php\/wp-json\/wp\/v2\/types\/page"}],"author":[{"embeddable":true,"href":"https:\/\/fgwidnau.ch\/index.php\/wp-json\/wp\/v2\/users\/4"}],"replies":[{"embeddable":true,"href":"https:\/\/fgwidnau.ch\/index.php\/wp-json\/wp\/v2\/comments?post=892"}],"version-history":[{"count":26,"href":"https:\/\/fgwidnau.ch\/index.php\/wp-json\/wp\/v2\/pages\/892\/revisions"}],"predecessor-version":[{"id":6944,"href":"https:\/\/fgwidnau.ch\/index.php\/wp-json\/wp\/v2\/pages\/892\/revisions\/6944"}],"wp:attachment":[{"href":"https:\/\/fgwidnau.ch\/index.php\/wp-json\/wp\/v2\/media?parent=892"}],"curies":[{"name":"wp","href":"https:\/\/api.w.org\/{rel}","templated":true}]}}