{"id":263,"date":"2020-03-17T20:28:30","date_gmt":"2020-03-17T20:28:30","guid":{"rendered":"https:\/\/fmgwidnau.ch\/?page_id=263"},"modified":"2025-10-20T21:47:53","modified_gmt":"2025-10-20T19:47:53","slug":"jungmuetterrunde","status":"publish","type":"page","link":"https:\/\/fgwidnau.ch\/index.php\/jungmuetterrunde\/","title":{"rendered":"Jungm\u00fctterrunde"},"content":{"rendered":"\n<h1 class=\"wp-block-heading has-text-align-center\">Jungm\u00fctterrunde<\/h1>\n\n\n\n<div style=\"height:100px\" aria-hidden=\"true\" class=\"wp-block-spacer\"><\/div>\n\n\n\n<p class=\"has-text-align-center\">Die Jungm\u00fctterrunde (JMR) Widnau organisiert diverse Anl\u00e4sse und Ausfl\u00fcge f\u00fcr Kinder vom Kindergarten bis zur 2. Klasse.<\/p>\n\n\n\n<div style=\"height:100px\" aria-hidden=\"true\" class=\"wp-block-spacer\"><\/div>\n\n\n\n<p class=\"has-text-align-center\"><strong>N\u00e4chste Termine<\/strong><\/p>\n\n\n\n<div class=\"mec-wrap mec-skin-grid-container  \" id=\"mec_skin_2632\">\r\n\r\n    \r\n            <div class=\"mec-skin-grid-events-container\" id=\"mec_skin_events_2632\">\r\n        <div class=\"mec-wrap colorskin-custom\">\n    <div class=\"mec-event-grid-modern\">\n        <div class=\"row\"><div class=\"col-md-6 col-sm-6\">        <script type=\"application\/ld+json\">\n        {\n            \"@context\" \t\t: \"http:\/\/schema.org\",\n            \"@type\" \t\t: \"Event\",\n            \"startDate\" \t: \"2026-05-06\",\n            \"endDate\" \t\t: \"2026-05-06\",\n            \"location\" \t\t:\n            {\n                \"@type\" \t\t: \"Place\",\n                \"name\" \t\t\t: \"Jakobihus\",\n                \"image\"\t\t\t: \"\",\n                \"address\"\t\t: \"R\u00fctistrasse 17, 9443 Widnau\"\n            },\n            \"offers\": {\n                \"url\": \"https:\/\/fgwidnau.ch\/index.php\/events\/muttertagsbasteln-jmr\/\",\n                \"price\": \"\",\n                \"priceCurrency\" : \"CHF\"\n            },\n            \"performer\": \"\",\n            \"description\" \t: \"\",\n            \"image\" \t\t: \"\",\n            \"name\" \t\t\t: \"Muttertagsbasteln JMR\",\n            \"url\"\t\t\t: \"https:\/\/fgwidnau.ch\/index.php\/events\/muttertagsbasteln-jmr\/\"\n        }\n        <\/script>\n        <article data-style=\"\" class=\" mec-event-article mec-clear \" itemscope>                    <div class=\"event-grid-modern-head clearfix\">\n                                    <div class=\"mec-event-date\"><span class=\"mec-start-date-label\">06<\/span><\/div>\n                    <div class=\"mec-event-month\"><span class=\"mec-start-date-label\">Mai<\/span><\/div>\n                                <div class=\"mec-event-day\">Mittwoch<\/div>\n            <\/div>\n            <div class=\"mec-event-content\">\n                                <h4 class=\"mec-event-title\"><a class=\"mec-color-hover\" data-event-id=\"6927\" href=\"https:\/\/fgwidnau.ch\/index.php\/events\/muttertagsbasteln-jmr\/\">Muttertagsbasteln JMR<\/a><span class=\"event-color\" style=\"background: #\"><\/span><\/h4>\n                <div class=\"mec-event-detail\">Jakobihus\n                <\/div>\n            <\/div>\n            <div class=\"mec-event-footer\">\n                <a class=\"mec-booking-button\" data-event-id=\"6927\" href=\"https:\/\/fgwidnau.ch\/index.php\/events\/muttertagsbasteln-jmr\/\" target=\"_self\">Details<\/a>\n                            <\/div>\n        <\/article><\/div>                <div class=\"col-md-6 col-sm-6\">        <script type=\"application\/ld+json\">\n        {\n            \"@context\" \t\t: \"http:\/\/schema.org\",\n            \"@type\" \t\t: \"Event\",\n            \"startDate\" \t: \"2026-09-16\",\n            \"endDate\" \t\t: \"2026-09-16\",\n            \"location\" \t\t:\n            {\n                \"@type\" \t\t: \"Place\",\n                \"name\" \t\t\t: \"Jakobihus\",\n                \"image\"\t\t\t: \"\",\n                \"address\"\t\t: \"R\u00fctistrasse 17, 9443 Widnau\"\n            },\n            \"offers\": {\n                \"url\": \"https:\/\/fgwidnau.ch\/index.php\/events\/kasperlitheater\/\",\n                \"price\": \"\",\n                \"priceCurrency\" : \"CHF\"\n            },\n            \"performer\": \"\",\n            \"description\" \t: \"\",\n            \"image\" \t\t: \"\",\n            \"name\" \t\t\t: \"Kasperlitheater\",\n            \"url\"\t\t\t: \"https:\/\/fgwidnau.ch\/index.php\/events\/kasperlitheater\/\"\n        }\n        <\/script>\n        <article data-style=\"\" class=\" mec-event-article mec-clear \" itemscope>                    <div class=\"event-grid-modern-head clearfix\">\n                                    <div class=\"mec-event-date\"><span class=\"mec-start-date-label\">16<\/span><\/div>\n                    <div class=\"mec-event-month\"><span class=\"mec-start-date-label\">September<\/span><\/div>\n                                <div class=\"mec-event-day\">Mittwoch<\/div>\n            <\/div>\n            <div class=\"mec-event-content\">\n                                <h4 class=\"mec-event-title\"><a class=\"mec-color-hover\" data-event-id=\"6931\" href=\"https:\/\/fgwidnau.ch\/index.php\/events\/kasperlitheater\/\">Kasperlitheater<\/a><span class=\"event-color\" style=\"background: #\"><\/span><\/h4>\n                <div class=\"mec-event-detail\">Jakobihus\n                <\/div>\n            <\/div>\n            <div class=\"mec-event-footer\">\n                <a class=\"mec-booking-button\" data-event-id=\"6931\" href=\"https:\/\/fgwidnau.ch\/index.php\/events\/kasperlitheater\/\" target=\"_self\">Details<\/a>\n                            <\/div>\n        <\/article><\/div><\/div>                <div class=\"row\"><div class=\"col-md-6 col-sm-6\">        <script type=\"application\/ld+json\">\n        {\n            \"@context\" \t\t: \"http:\/\/schema.org\",\n            \"@type\" \t\t: \"Event\",\n            \"startDate\" \t: \"2026-12-23\",\n            \"endDate\" \t\t: \"2026-12-23\",\n            \"location\" \t\t:\n            {\n                \"@type\" \t\t: \"Place\",\n                \"name\" \t\t\t: \"Jakobiplatz\",\n                \"image\"\t\t\t: \"\",\n                \"address\"\t\t: \"Widnau\"\n            },\n            \"offers\": {\n                \"url\": \"https:\/\/fgwidnau.ch\/index.php\/events\/friedenslicht\/\",\n                \"price\": \"\",\n                \"priceCurrency\" : \"CHF\"\n            },\n            \"performer\": \"\",\n            \"description\" \t: \"\",\n            \"image\" \t\t: \"\",\n            \"name\" \t\t\t: \"Friedenslicht\",\n            \"url\"\t\t\t: \"https:\/\/fgwidnau.ch\/index.php\/events\/friedenslicht\/\"\n        }\n        <\/script>\n        <article data-style=\"\" class=\" mec-event-article mec-clear \" itemscope>                    <div class=\"event-grid-modern-head clearfix\">\n                                    <div class=\"mec-event-date\"><span class=\"mec-start-date-label\">23<\/span><\/div>\n                    <div class=\"mec-event-month\"><span class=\"mec-start-date-label\">Dezember<\/span><\/div>\n                                <div class=\"mec-event-day\">Mittwoch<\/div>\n            <\/div>\n            <div class=\"mec-event-content\">\n                                <h4 class=\"mec-event-title\"><a class=\"mec-color-hover\" data-event-id=\"6933\" href=\"https:\/\/fgwidnau.ch\/index.php\/events\/friedenslicht\/\">Friedenslicht<\/a><span class=\"event-color\" style=\"background: #\"><\/span><\/h4>\n                <div class=\"mec-event-detail\">Jakobiplatz\n                <\/div>\n            <\/div>\n            <div class=\"mec-event-footer\">\n                <a class=\"mec-booking-button\" data-event-id=\"6933\" href=\"https:\/\/fgwidnau.ch\/index.php\/events\/friedenslicht\/\" target=\"_self\">Details<\/a>\n                            <\/div>\n        <\/article><\/div>                        <\/div>\t<\/div>\n<\/div>\n\n    <\/div>\r\n    <div class=\"mec-skin-grid-no-events-container mec-util-hidden\" id=\"mec_skin_no_events_2632\">\r\n        Keine Veranstaltung gefunden    <\/div>\r\n    \r\n    <div class=\"mec-load-more-wrap\">\r\n                <div tabindex=\"0\" onkeydown=\"if(event.keyCode===13){jQuery(this).trigger('click');}\" class=\"mec-load-more-button \">Weitere laden<\/div>\r\n            <\/div>\r\n<\/div>\r\n\n\n\n\n<div style=\"height:100px\" aria-hidden=\"true\" class=\"wp-block-spacer\"><\/div>\n\n\n\n<h2 class=\"wp-block-heading has-text-align-center\">Das JMR-Team<\/h2>\n\n\n\n<div style=\"height:100px\" aria-hidden=\"true\" class=\"wp-block-spacer\"><\/div>\n\n\n\n<div class=\"wp-block-columns is-layout-flex wp-container-core-columns-is-layout-9d6595d7 wp-block-columns-is-layout-flex\">\n<div class=\"wp-block-column is-layout-flow wp-block-column-is-layout-flow\">\n<figure class=\"wp-block-image size-large\"><img decoding=\"async\" src=\"http:\/\/fgwidnau.ch\/wp-content\/uploads\/2025\/10\/DSCF4269_ausschnitt-1024x683.jpg\" alt=\"\" class=\"wp-image-6478\"\/><\/figure>\n<\/div>\n\n\n\n<div class=\"wp-block-column is-layout-flow wp-block-column-is-layout-flow\">\n<div style=\"height:100px\" aria-hidden=\"true\" class=\"wp-block-spacer\"><\/div>\n\n\n\n<p>Bojana Vranjic, Sandra Looser, Nadja Stillhard, <strong>C\u00e9line Tanner<\/strong>, Rachel Mazenauer, Florence M\u00fcller<\/p>\n\n\n\n<p>Kontakt<br><strong>C\u00e9line Tanner<\/strong><br><a href=\"mailto:jmr@fgwidnau.ch\" data-type=\"mailto\" data-id=\"mailto:jmr@fgwidnau.ch\">jmr@fgwidnau.ch<\/a><\/p>\n<\/div>\n<\/div>\n\n\n\n<div style=\"height:100px\" aria-hidden=\"true\" class=\"wp-block-spacer\"><\/div>\n\n\n\n<div class=\"wp-block-buttons is-content-justification-center is-layout-flex wp-container-core-buttons-is-layout-16018d1d wp-block-buttons-is-layout-flex\">\n<div class=\"wp-block-button\"><a class=\"wp-block-button__link wp-element-button\" href=\"https:\/\/fgwidnau.ch\/index.php\/galerie\/\">zur fotogalerie<\/a><\/div>\n<\/div>\n","protected":false},"excerpt":{"rendered":"<p>Jungm\u00fctterrunde Die Jungm\u00fctterrunde (JMR) Widnau organisiert diverse Anl\u00e4sse und Ausfl\u00fcge f\u00fcr Kinder vom Kindergarten bis zur 2. Klasse. N\u00e4chste Termine Das JMR-Team Bojana Vranjic, Sandra Looser, Nadja Stillhard, C\u00e9line Tanner, Rachel Mazenauer, Florence M\u00fcller KontaktC\u00e9line Tannerjmr@fgwidnau.ch<\/p>\n","protected":false},"author":1,"featured_media":0,"parent":0,"menu_order":0,"comment_status":"closed","ping_status":"closed","template":"","meta":{"_acf_changed":false,"footnotes":""},"class_list":["post-263","page","type-page","status-publish","hentry"],"acf":[],"_links":{"self":[{"href":"https:\/\/fgwidnau.ch\/index.php\/wp-json\/wp\/v2\/pages\/263","targetHints":{"allow":["GET"]}}],"collection":[{"href":"https:\/\/fgwidnau.ch\/index.php\/wp-json\/wp\/v2\/pages"}],"about":[{"href":"https:\/\/fgwidnau.ch\/index.php\/wp-json\/wp\/v2\/types\/page"}],"author":[{"embeddable":true,"href":"https:\/\/fgwidnau.ch\/index.php\/wp-json\/wp\/v2\/users\/1"}],"replies":[{"embeddable":true,"href":"https:\/\/fgwidnau.ch\/index.php\/wp-json\/wp\/v2\/comments?post=263"}],"version-history":[{"count":15,"href":"https:\/\/fgwidnau.ch\/index.php\/wp-json\/wp\/v2\/pages\/263\/revisions"}],"predecessor-version":[{"id":6481,"href":"https:\/\/fgwidnau.ch\/index.php\/wp-json\/wp\/v2\/pages\/263\/revisions\/6481"}],"wp:attachment":[{"href":"https:\/\/fgwidnau.ch\/index.php\/wp-json\/wp\/v2\/media?parent=263"}],"curies":[{"name":"wp","href":"https:\/\/api.w.org\/{rel}","templated":true}]}}