{"id":249,"date":"2020-03-15T19:44:46","date_gmt":"2020-03-15T19:44:46","guid":{"rendered":"https:\/\/fmgwidnau.ch\/?page_id=249"},"modified":"2025-04-30T20:59:06","modified_gmt":"2025-04-30T18:59:06","slug":"kontakt","status":"publish","type":"page","link":"https:\/\/fgwidnau.ch\/index.php\/kontakt\/","title":{"rendered":"Kontakt"},"content":{"rendered":"\n<h1 class=\"wp-block-heading has-text-align-center\">Mitglied werden<\/h1>\n\n\n\n<div style=\"height:100px\" aria-hidden=\"true\" class=\"wp-block-spacer\"><\/div>\n\n\n\n<p>Der <strong>Jahresbeitrag<\/strong> betr\u00e4gt <strong>30 CHF<\/strong>. Jedes Neumitglied wird an der n\u00e4chsten Hauptversammlung mit einem kleinen Pr\u00e4sent begr\u00fcsst.<\/p>\n\n\n\n<p>Wir sind auch auf <a href=\"https:\/\/www.facebook.com\/fmgwidnau\" target=\"_blank\" rel=\"noreferrer noopener\"><strong>Facebook<\/strong><\/a> und <strong><a href=\"https:\/\/www.instagram.com\/fmg_widnau\/\">Instagram<\/a><\/strong> unter <a href=\"https:\/\/www.facebook.com\/fmgwidnau\" target=\"_blank\" rel=\"noreferrer noopener\"><strong>Frauengemeinschaft Widnau<\/strong><\/a> zu finden.<\/p>\n\n\n\n<p>Bei <strong>Fragen<\/strong> stehen wir gerne zur Verf\u00fcgung.<\/p>\n\n\n\n<p>Unten k\u00f6nnen Sie sich online als <strong>Mitglied<\/strong> anmelden. Sie erhalten nach einigen Tagen das Jahresprogramm und den Einzahlungsschein f\u00fcr den Jahresbeitrag.<\/p>\n\n\n\n<div class=\"wp-block-contact-form-7-contact-form-selector\">\n<div class=\"wpcf7 no-js\" id=\"wpcf7-f253-o1\" lang=\"de-DE\" dir=\"ltr\" data-wpcf7-id=\"253\">\n<div class=\"screen-reader-response\"><p role=\"status\" aria-live=\"polite\" aria-atomic=\"true\"><\/p> <ul><\/ul><\/div>\n<form action=\"\/index.php\/wp-json\/wp\/v2\/pages\/249#wpcf7-f253-o1\" method=\"post\" class=\"wpcf7-form init\" aria-label=\"Kontaktformular\" novalidate=\"novalidate\" data-status=\"init\">\n<fieldset class=\"hidden-fields-container\"><input type=\"hidden\" name=\"_wpcf7\" value=\"253\" \/><input type=\"hidden\" name=\"_wpcf7_version\" value=\"6.1.4\" \/><input type=\"hidden\" name=\"_wpcf7_locale\" value=\"de_DE\" \/><input type=\"hidden\" name=\"_wpcf7_unit_tag\" value=\"wpcf7-f253-o1\" \/><input type=\"hidden\" name=\"_wpcf7_container_post\" value=\"0\" \/><input type=\"hidden\" name=\"_wpcf7_posted_data_hash\" value=\"\" \/>\n<\/fieldset>\n<div class=\"contact-form-container\">\n\t<div class=\"row\">\n\t\t<p><label> Vorname<br \/>\n<span class=\"wpcf7-form-control-wrap\" data-name=\"vorname\"><input size=\"40\" maxlength=\"400\" class=\"wpcf7-form-control wpcf7-text wpcf7-validates-as-required\" aria-required=\"true\" aria-invalid=\"false\" value=\"\" type=\"text\" name=\"vorname\" \/><\/span><br \/>\n<\/label><br \/>\n<label> Name<br \/>\n<span class=\"wpcf7-form-control-wrap\" data-name=\"nachname\"><input size=\"40\" maxlength=\"400\" class=\"wpcf7-form-control wpcf7-text wpcf7-validates-as-required\" aria-required=\"true\" aria-invalid=\"false\" value=\"\" type=\"text\" name=\"nachname\" \/><\/span><br \/>\n<\/label>\n\t\t<\/p>\n\t<\/div>\n\t<div class=\"row\">\n\t\t<p><label> Adresse<br \/>\n<span class=\"wpcf7-form-control-wrap\" data-name=\"adresse\"><input size=\"40\" maxlength=\"400\" class=\"wpcf7-form-control wpcf7-text\" aria-invalid=\"false\" value=\"\" type=\"text\" name=\"adresse\" \/><\/span><br \/>\n<\/label>\n\t\t<\/p>\n\t<\/div>\n\t<div class=\"row\">\n\t\t<p><label> Geburtsdatum<br \/>\n<span class=\"wpcf7-form-control-wrap\" data-name=\"geb-datum\"><input class=\"wpcf7-form-control wpcf7-date wpcf7-validates-as-required wpcf7-validates-as-date\" aria-required=\"true\" aria-invalid=\"false\" value=\"\" type=\"date\" name=\"geb-datum\" \/><\/span><br \/>\n<\/label>\n\t\t<\/p>\n\t<\/div>\n\t<div class=\"row\">\n\t\t<p><label> E-Mail-Adresse<br \/>\n<span class=\"wpcf7-form-control-wrap\" data-name=\"your-email\"><input size=\"40\" maxlength=\"400\" class=\"wpcf7-form-control wpcf7-email wpcf7-validates-as-required wpcf7-text wpcf7-validates-as-email\" aria-required=\"true\" aria-invalid=\"false\" value=\"\" type=\"email\" name=\"your-email\" \/><\/span><br \/>\n<\/label><br \/>\n<label> Telefonnummer<br \/>\n<span class=\"wpcf7-form-control-wrap\" data-name=\"tel\"><input size=\"40\" maxlength=\"400\" class=\"wpcf7-form-control wpcf7-tel wpcf7-text wpcf7-validates-as-tel\" aria-invalid=\"false\" value=\"\" type=\"tel\" name=\"tel\" \/><\/span><br \/>\n<\/label>\n\t\t<\/p>\n\t<\/div>\n\t<div class=\"row\">\n\t\t<p><label> Bemerkung<br \/>\n<span class=\"wpcf7-form-control-wrap\" data-name=\"bemerkung\"><textarea cols=\"40\" rows=\"10\" maxlength=\"2000\" class=\"wpcf7-form-control wpcf7-textarea\" aria-invalid=\"false\" name=\"bemerkung\"><\/textarea><\/span><br \/>\n<\/label>\n\t\t<\/p>\n\t<\/div>\n\t<div class=\"row\">\n\t\t<p><span class=\"wpcf7-form-control-wrap\" data-name=\"neumitglied\"><span class=\"wpcf7-form-control wpcf7-checkbox\"><span class=\"wpcf7-list-item first last\"><input type=\"checkbox\" name=\"neumitglied[]\" value=\"Ich m\u00f6chte Neumitglied werden\" \/><span class=\"wpcf7-list-item-label\">Ich m\u00f6chte Neumitglied werden<\/span><\/span><\/span><\/span>\n\t\t<\/p>\n\t<\/div>\n<div class=\"wpcf7-turnstile cf-turnstile\" data-sitekey=\"0x4AAAAAABdCz1Mpt-aDjyzC\" data-response-field-name=\"_wpcf7_turnstile_response\"><\/div>\n\t<div class=\"row\">\n\t\t<p><input class=\"wpcf7-form-control wpcf7-submit has-spinner\" type=\"submit\" value=\"Senden\" \/>\n\t\t<\/p>\n\t<\/div>\n<\/div><div class=\"wpcf7-response-output\" aria-hidden=\"true\"><\/div>\n<\/form>\n<\/div>\n<\/div>\n\n\n\n<p>Fotos, die w\u00e4hrend den Veranstaltungen aufgenommen werden, k\u00f6nnen von der Frauengemeinschaft Widnau grunds\u00e4tzlich f\u00fcr die eigene Web-Seite und den Facebook-Auftritt verwendet werden. W\u00fcnschen Sie keine Ver\u00f6ffentlichung von Fotos, dann teilen Sie dies bitte vor Veranstaltungsbeginn den Verantwortlichen der Frauengemeinschaft oder dem Fotografen mit.<\/p>\n","protected":false},"excerpt":{"rendered":"<p>Mitglied werden Der Jahresbeitrag betr\u00e4gt 30 CHF. Jedes Neumitglied wird an der n\u00e4chsten Hauptversammlung mit einem kleinen Pr\u00e4sent begr\u00fcsst. Wir sind auch auf Facebook und Instagram unter Frauengemeinschaft Widnau zu finden. Bei Fragen stehen wir gerne zur Verf\u00fcgung. Unten k\u00f6nnen Sie sich online als Mitglied anmelden. Sie erhalten nach einigen Tagen das Jahresprogramm und den [&hellip;]<\/p>\n","protected":false},"author":1,"featured_media":0,"parent":0,"menu_order":0,"comment_status":"closed","ping_status":"closed","template":"","meta":{"_acf_changed":false,"footnotes":""},"class_list":["post-249","page","type-page","status-publish","hentry"],"acf":[],"_links":{"self":[{"href":"https:\/\/fgwidnau.ch\/index.php\/wp-json\/wp\/v2\/pages\/249","targetHints":{"allow":["GET"]}}],"collection":[{"href":"https:\/\/fgwidnau.ch\/index.php\/wp-json\/wp\/v2\/pages"}],"about":[{"href":"https:\/\/fgwidnau.ch\/index.php\/wp-json\/wp\/v2\/types\/page"}],"author":[{"embeddable":true,"href":"https:\/\/fgwidnau.ch\/index.php\/wp-json\/wp\/v2\/users\/1"}],"replies":[{"embeddable":true,"href":"https:\/\/fgwidnau.ch\/index.php\/wp-json\/wp\/v2\/comments?post=249"}],"version-history":[{"count":4,"href":"https:\/\/fgwidnau.ch\/index.php\/wp-json\/wp\/v2\/pages\/249\/revisions"}],"predecessor-version":[{"id":6002,"href":"https:\/\/fgwidnau.ch\/index.php\/wp-json\/wp\/v2\/pages\/249\/revisions\/6002"}],"wp:attachment":[{"href":"https:\/\/fgwidnau.ch\/index.php\/wp-json\/wp\/v2\/media?parent=249"}],"curies":[{"name":"wp","href":"https:\/\/api.w.org\/{rel}","templated":true}]}}

<h1 class="wp-block-heading has-text-align-center">Mitglied werden</h1>



<div style="height:100px" aria-hidden="true" class="wp-block-spacer"></div>



<p>Der <strong>Jahresbeitrag</strong> beträgt <strong>30 CHF</strong>. Jedes Neumitglied wird an der nächsten Hauptversammlung mit einem kleinen Präsent begrüsst.</p>



<p>Wir sind auch auf <a href="https://www.facebook.com/fmgwidnau" target="_blank" rel="noreferrer noopener"><strong>Facebook</strong></a> und <strong><a href="https://www.instagram.com/fmg_widnau/">Instagram</a></strong> unter <a href="https://www.facebook.com/fmgwidnau" target="_blank" rel="noreferrer noopener"><strong>Frauengemeinschaft Widnau</strong></a> zu finden.</p>



<p>Bei <strong>Fragen</strong> stehen wir gerne zur Verfügung.</p>



<p>Unten können Sie sich online als <strong>Mitglied</strong> anmelden. Sie erhalten nach einigen Tagen das Jahresprogramm und den Einzahlungsschein für den Jahresbeitrag.</p>



<div class="wp-block-contact-form-7-contact-form-selector">
<div class="wpcf7 no-js" id="wpcf7-f253-o1" lang="de-DE" dir="ltr" data-wpcf7-id="253">
<div class="screen-reader-response"><p role="status" aria-live="polite" aria-atomic="true"></p> <ul></ul></div>
<form action="/index.php/wp-json/wp/v2/pages/249#wpcf7-f253-o1" method="post" class="wpcf7-form init" aria-label="Kontaktformular" novalidate="novalidate" data-status="init">
<fieldset class="hidden-fields-container"><input type="hidden" name="_wpcf7" value="253" /><input type="hidden" name="_wpcf7_version" value="6.1.4" /><input type="hidden" name="_wpcf7_locale" value="de_DE" /><input type="hidden" name="_wpcf7_unit_tag" value="wpcf7-f253-o1" /><input type="hidden" name="_wpcf7_container_post" value="0" /><input type="hidden" name="_wpcf7_posted_data_hash" value="" />
</fieldset>
<div class="contact-form-container">
	<div class="row">
		<p><label> Vorname<br />
<span class="wpcf7-form-control-wrap" data-name="vorname"><input size="40" maxlength="400" class="wpcf7-form-control wpcf7-text wpcf7-validates-as-required" aria-required="true" aria-invalid="false" value="" type="text" name="vorname" /></span><br />
</label><br />
<label> Name<br />
<span class="wpcf7-form-control-wrap" data-name="nachname"><input size="40" maxlength="400" class="wpcf7-form-control wpcf7-text wpcf7-validates-as-required" aria-required="true" aria-invalid="false" value="" type="text" name="nachname" /></span><br />
</label>
		</p>
	</div>
	<div class="row">
		<p><label> Adresse<br />
<span class="wpcf7-form-control-wrap" data-name="adresse"><input size="40" maxlength="400" class="wpcf7-form-control wpcf7-text" aria-invalid="false" value="" type="text" name="adresse" /></span><br />
</label>
		</p>
	</div>
	<div class="row">
		<p><label> Geburtsdatum<br />
<span class="wpcf7-form-control-wrap" data-name="geb-datum"><input class="wpcf7-form-control wpcf7-date wpcf7-validates-as-required wpcf7-validates-as-date" aria-required="true" aria-invalid="false" value="" type="date" name="geb-datum" /></span><br />
</label>
		</p>
	</div>
	<div class="row">
		<p><label> E-Mail-Adresse<br />
<span class="wpcf7-form-control-wrap" data-name="your-email"><input size="40" maxlength="400" class="wpcf7-form-control wpcf7-email wpcf7-validates-as-required wpcf7-text wpcf7-validates-as-email" aria-required="true" aria-invalid="false" value="" type="email" name="your-email" /></span><br />
</label><br />
<label> Telefonnummer<br />
<span class="wpcf7-form-control-wrap" data-name="tel"><input size="40" maxlength="400" class="wpcf7-form-control wpcf7-tel wpcf7-text wpcf7-validates-as-tel" aria-invalid="false" value="" type="tel" name="tel" /></span><br />
</label>
		</p>
	</div>
	<div class="row">
		<p><label> Bemerkung<br />
<span class="wpcf7-form-control-wrap" data-name="bemerkung"><textarea cols="40" rows="10" maxlength="2000" class="wpcf7-form-control wpcf7-textarea" aria-invalid="false" name="bemerkung"></textarea></span><br />
</label>
		</p>
	</div>
	<div class="row">
		<p><span class="wpcf7-form-control-wrap" data-name="neumitglied"><span class="wpcf7-form-control wpcf7-checkbox"><span class="wpcf7-list-item first last"><input type="checkbox" name="neumitglied[]" value="Ich möchte Neumitglied werden" /><span class="wpcf7-list-item-label">Ich möchte Neumitglied werden</span></span></span></span>
		</p>
	</div>
<div class="wpcf7-turnstile cf-turnstile" data-sitekey="0x4AAAAAABdCz1Mpt-aDjyzC" data-response-field-name="_wpcf7_turnstile_response"></div>
	<div class="row">
		<p><input class="wpcf7-form-control wpcf7-submit has-spinner" type="submit" value="Senden" />
		</p>
	</div>
</div><div class="wpcf7-response-output" aria-hidden="true"></div>
</form>
</div>
</div>



<p>Fotos, die während den Veranstaltungen aufgenommen werden, können von der Frauengemeinschaft Widnau grundsätzlich für die eigene Web-Seite und den Facebook-Auftritt verwendet werden. Wünschen Sie keine Veröffentlichung von Fotos, dann teilen Sie dies bitte vor Veranstaltungsbeginn den Verantwortlichen der Frauengemeinschaft oder dem Fotografen mit.</p>

<p>Mitglied werden Der Jahresbeitrag beträgt 30 CHF. Jedes Neumitglied wird an der nächsten Hauptversammlung mit einem kleinen Präsent begrüsst. Wir sind auch auf Facebook und Instagram unter Frauengemeinschaft Widnau zu finden. Bei Fragen stehen wir gerne zur Verfügung. Unten können Sie sich online als Mitglied anmelden. Sie erhalten nach einigen Tagen das Jahresprogramm und den [&hellip;]</p>
